ts digit of r?
4
Let s(c) = -3*c**3 - 3*c**2 + 2. Let o be 14/(-49) + 88/14. Let b be (4/5)/(o/(-15)). What is the tens digit of s(b)?
1
Let v(s) = -s**3 + s**2 - s - 2. What is the tens digit of v(-3)?
3
Suppose 8*x + 3*x - 715 = 0. What is the tens digit of x?
6
Suppose 0*m = 3*m. Suppose m*f - 4 = -2*f. Suppose 4 + 2 = f*z. What is the units digit of z?
3
Let r = -3 + 13. What is the units digit of r?
0
Let o(w) = -2*w - 1. Let l be o(-3). Suppose l*p + 12 - 37 = 0. Let k = 15 - p. What is the units digit of k?
0
What is the hundreds digit of 7/(147/3955) + 1/(-3)?
1
Let j be -6*1/(-2)*-1. Let x be 24/15 - j/(-5). Let o = x - -1. What is the units digit of o?
2
Let m(g) = 3*g**2 + 1. Let r be m(-1). Suppose -3*s - 3*n + 42 = 0, 2*n - 59 = -r*s + n. What is the units digit of s?
5
Let g(h) = h**3 + 5*h**2 + h + 5. Let o be g(-5). Suppose 0 = -5*l - 4*c + 18, o = -2*l - 4*c - 2 + 14. Suppose -l*t - 24 = -6*t. What is the units digit of t?
6
Suppose 55*t = 59*t - 356. What is the tens digit of t?
8
Suppose 3*r = -80 - 16. Let n = -18 - r. What is the tens digit of n?
1
Let q be (-8)/(-4) - (2 + -1). Let g = q + 0. What is the units digit of g?
1
Let m(g) = 6*g**2 - 1. Let l(a) = 3*a - 1. Let f be l(2). Suppose f*d = -z + 9, z - 2*d - 1 + 6 = 0. What is the units digit of m(z)?
5
Let x = 88 - 68. What is the tens digit of x?
2
Let l(b) = -b**3 - b**2 + 3*b - 7. Let k be l(-5). What is the tens digit of 1416/k - 2/13?
1
Let s be 18/42 + (-50)/(-14). Suppose -2*m = 0, 0 = p + 4*m + 2 - s. Suppose -j - j + 6 = p*u, 0 = 5*j + 4*u - 15. What is the units digit of j?
3
Let g be (-4)/(-20) + 98/10. Suppose -5*j + 4*b = 1 - g, -j - 4*b - 3 = 0. What is the units digit of j?
1
Suppose 0 = 5*n - 563 + 3. What is the tens digit of n?
1
Suppose -2*q - 3*q = 30. Let u(t) = 8*t**2 + 6. Let v(f) = 9*f**2 + 5. Let i(s) = q*u(s) + 7*v(s). What is the tens digit of i(-1)?
1
Suppose -2*b - 60 = b. Let i = b - -54. Suppose -10*w + i = -8*w. What is the units digit of w?
7
Let y = -37 - -326. What is the units digit of y?
9
Suppose 5*f = 2*f + 252. Suppose -3*v = j - 0*j - f, 3*j + 9 = 0. Suppose 4*h - v = h + n, -4*h + 5*n = -57. What is the units digit of h?
8
Let n be (-2)/(-9) - 34/(-9). Let a = n + -3. What is the units digit of 4/((-1)/(-2 + a))?
4
Let u = 65 + -36. What is the units digit of u?
9
Let c(p) = p**3 - 3*p**2 - 5*p + 4. What is the units digit of c(6)?
2
Let y = 3 + -8. Let q(m) = m + 7. Let u be q(y). Let s = u + -1. What is the units digit of s?
1
Let m(v) = -v**3 + 3*v**2 - 1. Suppose 0 = -0*k - 3*k + 6. What is the units digit of m(k)?
3
Let u = -22 + 39. What is the tens digit of u?
1
Let t = 6 + -10. Let h = t + 10. What is the units digit of h?
6
Suppose 5*f + 128 - 9 = 3*y, 4*y - 3*f = 144. What is the units digit of y?
3
Suppose 3 = -4*t - 1. What is the units digit of 20 - (-1)/t*1?
9
Let p = 680 + -466. What is the units digit of p?
4
Let p be 25 + 0/1 + -1. Let n = 42 - p. What is the units digit of n?
8
Suppose 5*j + r = 0, 4*j = 8*j + 4*r + 16. Let o = 7 + j. What is the units digit of o?
8
What is the units digit of (-12804)/(-55) - (-2)/10?
3
Let s(o) be the third derivative of 1/60*o**5 + 2*o**2 + 2/3*o**3 + 0*o + 0 + 1/12*o**4. What is the tens digit of s(-4)?
1
Let s = 8 - 6. Suppose s*f + 24 = -2*f. What is the units digit of 11/2 + 3/f?
5
Let x be (1 - 2)/((-9)/63). Suppose 0 = -2*p + p + x. Let c = p + -2. What is the units digit of c?
5
Suppose -12*a = -18*a + 114. What is the tens digit of a?
1
Suppose 0 = -9*z + 10*z - 131. Let r = z + -81. What is the tens digit of r?
5
Suppose 0 = -3*o - 0*o. Let q be -1 - -2 - (2 - 3). Suppose -q*c = -o*c - 4. What is the units digit of c?
2
Let f(v) = -v**2 + 5*v - 2. Let h be f(4). Suppose 0*l - 16 = -h*l. What is the units digit of l/3*(-3)/(-2)?
4
Suppose -2*v + 12 + 4 = 0. Let w(l) = -l**2 + 7*l + 2. Let q be w(v). What is the units digit of q/4 - (-33)/2?
5
Suppose -24 = -5*j + z + 75, -3*z = -3*j + 57. What is the tens digit of j?
2
Let x = -19 + -1. Let h = 28 + x. What is the units digit of h?
8
Let v = 25 - -28. What is the units digit of v?
3
Let f(g) = g**3 - 3*g + 1. Let q be f(2). Let h be 2/q*(0 + 6). Suppose 5*l - 5*b + 14 = h, -5 = -2*l - b. What is the units digit of l?
1
What is the units digit of 3 + 1539/15 + 4/10?
6
Let h = 2 + -2. Suppose -3*g + 5*i + 22 = h, 17 = 3*g - 4*i - 3. Suppose 0 = -9*j + g*j + 70. What is the units digit of j?
4
Suppose -11 - 17 = 2*r. Let j = r - -21. What is the units digit of j?
7
Let k(p) = -3*p - 18. Let a(t) = 4*t - 1. Let z(h) = h. Let i(f) = a(f) - 5*z(f). Let l(u) = -6*i(u) + k(u). What is the units digit of l(9)?
5
Let c(p) = p**2 - p + 1. Let h be c(3). Let b(k) = -k**3 + 7*k**2 + k - 5. What is the units digit of b(h)?
2
Let l(z) = -z**2 - 2*z + 122. What is the tens digit of l(0)?
2
Let j = -1 - -2. Suppose 3*l - j = 32. What is the units digit of l?
1
Suppose -160 = -d - 2*d + 4*x, d - 32 = -4*x. What is the tens digit of d?
4
Suppose 0 = -a - a + 14. Suppose a = x - 1. What is the units digit of x?
8
Let k be (-3)/(-9) - (-2)/3. Let m(b) = 5*b**2 - 1. Let y be m(k). Suppose 0*n - n = -2*g - 2, y*g + 4*n - 20 = 0. What is the units digit of g?
1
Let o(i) = -7*i - 4. Let r be o(-7). Suppose 4*n + 16 - r = -b, 5*n - 38 = -3*b. What is the units digit of n?
7
Let w(f) be the third derivative of f**5/60 + f**4/4 - f**3 + 3*f**2. What is the units digit of w(-7)?
1
Suppose -3*s - 13 - 2 = 0. Let a(t) = 4*t + 6 - 12 - t - 6*t. What is the units digit of a(s)?
9
Suppose 2*q - 308 = -2*q. What is the units digit of q?
7
Let a(t) = -t**2 - t + 13. Let q be a(0). Let i = q - -25. What is the tens digit of i?
3
Let u(t) = -t**2 - 9*t + 1. What is the tens digit of u(-4)?
2
What is the tens digit of 29/1 - (-3 + 7)?
2
Suppose -12 = -t - t. What is the units digit of t?
6
Let l(o) = o**3 + 8*o**2 + 7*o + 4. Let g be l(-7). Suppose g*n + 664 = -0*n - 4*s, -2*s = -2*n - 316. What is the units digit of (-2)/(-7) + n/(-21)?
8
Suppose -5*i - 2*n + 4*n + 36 = 0, 4*i + 3*n = 38. Suppose 3*w = i*w - 80. Let s = 23 - w. What is the units digit of s?
7
Let x = 6 + -1. Let n = x - 1. What is the units digit of n?
4
Let c = 11 + -7. Suppose 5*o + 4 = -1, c*o - 4 = -y. What is the units digit of y?
8
Let m be (-4)/3*(-3)/2. Let n = m - 0. Suppose j - 2 + 12 = 3*k, 3*j - 25 = -n*k. What is the units digit of k?
5
Suppose -4*s + 16 = -4*c, -2*c = -5 - 3. Suppose -44 = -4*x + s. What is the tens digit of x?
1
Let c(d) = -2*d - 6. Let n be c(-6). Let z be (-15)/(-1) - (-3 + n). What is the units digit of 15/(-2)*(-32)/z?
0
Suppose 200 = -2*q + 4*q. Suppose -u = u - q. Suppose 5*o - u = 10. What is the units digit of o?
2
Suppose 5*j - j + 5*b = -9, -16 = j + 4*b. Suppose 0 = -0*x - j*x + 60. What is the tens digit of x?
1
Let k = -174 - -288. What is the hundreds digit of k?
1
Suppose 7*t = 4*t - 5*n + 482, -3*n = -5*t + 758. What is the units digit of t?
4
Let b be 0*(-4)/8*2. Suppose -2*d - 11 = -3*a, a - 5*d - 3 - 5 = b. What is the units digit of a?
3
What is the tens digit of (-4 + 3)/((-2)/106)?
5
Let g be (7 - 3 - -106) + 3. Suppose 3*f - 123 = -3*h, -75 = -4*h + 4*f + g. What is the tens digit of h?
4
Let v = 17 + -10. What is the units digit of v?
7
Suppose -73 = -4*m - u + 96, -224 = -5*m + 3*u. What is the tens digit of m?
4
Suppose 3 = -4*v + 731. What is the units digit of v?
2
Suppose 5 = k - 13. What is the units digit of k?
8
Suppose 0*u - 48 = -4*u. Let f(a) = 2*a - 15. What is the units digit of f(u)?
9
Let j(b) = -b**3 + 7*b**2 + 8*b + 1. What is the units digit of j(8)?
1
Suppose -2*o = 5*t - 60, -5*o + 244 = 2*t + 73. What is the units digit of o?
5
Let m(y) = -3*y**3. Let n be m(-2). What is the units digit of 28/n - 1/6?
1
Let m(s) = s**2 - 5*s + 3. Let u(o) = -3*o - 1. Let j be u(-1). Let c be m(j). What is the units digit of 0 - c - (3 + -3)?
3
Suppose -3*n + 2*v - 21 + 95 = 0, -n - 3*v = -21. What is the tens digit of n?
2
Suppose 5*x + 19 = j, -3*j + 2*x + 3 = -15. Let d(t) = 3*t**2 - 2*t + 3. Let r(q) = q**2 + q + 1. Let c(p) = d(p) - 2*r(p). What is the units digit of c(j)?
1
Suppose 0 = j + 5 + 1. Let i = 8 + j. What is the units digit of i*((-18)/(-4) + 1)?
1
Suppose 4 = -o + 2*k, -2*k = 4*o + 11 + 35. Let x(i) = -i*